= -n**2 + 15*n + 9. Calculate o(15).
9
Let v(l) = 9*l + 4. Give v(-2).
-14
Let y(u) = -5*u - 10. Determine y(0).
-10
Let v(g) = 16*g - 130. Calculate v(8).
-2
Let z(o) = -266*o - 5. What is z(0)?
-5
Let o(z) = z**3 + 9*z**2 - 2*z - 6. What is o(-8)?
74
Let x(m) = 4*m**2 - m + 2. Give x(2).
16
Let o(c) = -c**3 - 9*c**2 + 5*c - 29. Determine o(-10).
21
Let z(x) = 60*x - 422. Calculate z(7).
-2
Let p(w) = -w**3 + 4*w**2 + 8*w + 1. Determine p(6).
-23
Let s(g) = 4*g**3 + 2*g**2 - g + 1. Calculate s(1).
6
Let z(m) = 2*m**2 - 3*m + 2. What is z(2)?
4
Let b(p) = 3*p - 8. Determine b(9).
19
Let j(o) = -3*o**2 + 7*o + 8. Give j(4).
-12
Let b(a) = -a**2 + 9*a - 10. Calculate b(5).
10
Let b(r) = -4*r + 10. Determine b(2).
2
Let d(p) = -492*p - 1971. Calculate d(-4).
-3
Let a(u) = 11*u**3 - 3*u**2 + 4*u - 2. What is a(1)?
10
Let z(v) = 38*v + 47. Give z(-5).
-143
Let n(j) = -j**2 - 13*j - 54. Calculate n(-13).
-54
Let a(j) = j**2 - 18*j + 8. Calculate a(17).
-9
Let p(l) = l**2 - 15*l - 24. Give p(17).
10
Let f(s) = s**3 - 17*s**2 - 18*s - 5. Give f(18).
-5
Let l(q) = q**3 - 15*q**2 + 18*q - 71. Give l(14).
-15
Let c(w) = 2*w + 9. What is c(-4)?
1
Let s(w) = -w**3 + 3*w**2 - 2*w - 6. Calculate s(0).
-6
Let j(a) = -3*a - 24. Calculate j(-16).
24
Let i(w) = -w + 3. Determine i(9).
-6
Let a(w) = w**3 + w**2 - 2*w - 3. What is a(0)?
-3
Let b(x) = -x**3 + 3*x**2 - 4*x + 7. Give b(-4).
135
Let z(s) = 2*s**2 + 56*s + 58. Give z(-27).
4
Let d(r) = -r - 13. Determine d(-10).
-3
Let i(f) = 187*f + 381. Determine i(-2).
7
Let o(u) = 2*u - 4. Calculate o(-3).
-10
Let a(m) = -56*m + 12. Determine a(3).
-156
Let q(l) = 37*l**2 - 4*l - 3. Give q(-1).
38
Let d(v) = -v - 2. Calculate d(4).
-6
Let a(t) = 2*t**2 - 30*t + 12. Determine a(15).
12
Let h(z) = -34*z - 5. Calculate h(1).
-39
Let v(u) = 2*u - 12. Determine v(4).
-4
Let s(x) = x**3 + 23*x**2 + 3*x + 73. Give s(-23).
4
Let a(i) = -4*i - 1. Calculate a(4).
-17
Let r(m) = m**3 + 11*m**2 - 4*m - 36. What is r(-11)?
8
Let l(b) = 3*b**2 - 67*b + 138. Calculate l(20).
-2
Let f(g) = -g**3 + 2*g**2 + 3*g + 2. Determine f(4).
-18
Let i(q) = -14*q**3 + 3*q**2 - 3*q - 1. What is i(1)?
-15
Let w(r) = r**3 + 8*r**2 - 10*r - 6. What is w(-9)?
3
Let z(a) = -8*a - 71. Give z(-9).
1
Let h(k) = -4*k. Give h(-4).
16
Let g(c) = c**2 - 16*c + 36. Give g(7).
-27
Let h(t) = -t**3 - 2*t**2 + 3*t + 7. Determine h(-3).
7
Let m(o) = o**3 + 4*o**2 - 7*o. Give m(-5).
10
Let v(p) = -2*p**2 - 5*p. Determine v(-2).
2
Let o(w) = -3*w**2 + w - 6. Determine o(-4).
-58
Let t(h) = h**2 + 9. Calculate t(0).
9
Let h(m) = m**3 + 10*m**2 - 4*m + 69. Calculate h(-11).
-8
Let o(n) = n**3 - 5*n**2 + 2*n - 5. Determine o(3).
-17
Let l(i) = i**3 + 3*i**2 - 32*i - 104. Calculate l(-5).
6
Let l(q) = -q**3 + 14*q**2 - 13*q - 11. What is l(13)?
-11
Let y(u) = -u**3 + 12*u**2 + 13*u - 2. What is y(13)?
-2
Let r(v) = v**3 + 9*v**2 - 6*v + 1. What is r(-9)?
55
Let r(i) = -i**3 - 9*i**2 - 7*i + 1. Give r(-7).
-48
Let i(d) = -3*d - 24. Calculate i(-10).
6
Let n(l) = -2*l**3 - 2*l**2 + 15*l - 6. What is n(-5)?
119
Let y(a) = 21*a - 3. Determine y(-4).
-87
Let l(t) = t**3 - 38*t**2 + 106*t - 24. Determine l(35).
11
Let v(c) = -c**3 - 8*c**2 - 9*c + 27. Determine v(-5).
-3
Let y(r) = 24*r**3 + r**2 + r. Give y(-1).
-24
Let z(w) = -w - 3. What is z(7)?
-10
Let h(q) = -q + 27. Calculate h(19).
8
Let x(i) = i - 1. Determine x(4).
3
Let f(n) = n**3 + 7*n**2 - 12*n - 1. Give f(-8).
31
Let f(h) = -h**3 - 10*h**2 - 9*h - 2. Calculate f(-9).
-2
Let q(a) = -5*a**3 + a + 2. Give q(-2).
40
Let x(k) = -k**2 + 7*k + 8. Calculate x(10).
-22
Let u(s) = -s**3 - 14*s**2 - 11*s + 11. Determine u(-13).
-15
Let u(v) = v**3 + 9*v**2 + 21*v + 9. What is u(-5)?
4
Let b(r) = 51*r**3 + r**2 - 1. Determine b(1).
51
Let k(c) = c**2 + 16*c + 7. Determine k(-14).
-21
Let j(g) = -g**2 + 38*g - 78. Calculate j(36).
-6
Let r(u) = u**2 - 5*u - 2. Determine r(5).
-2
Let z(a) = a**2 + 9*a - 7. What is z(-6)?
-25
Let b(k) = -28*k - 3. What is b(2)?
-59
Let b(q) = 2*q**3 - 20*q**2 + q - 21. Give b(10).
-11
Let y(c) = 30*c**2 - c - 1. What is y(-1)?
30
Let z(w) = 2*w**3 + 20*w**2 - 8*w - 6. What is z(-10)?
74
Let d(x) = 11*x**2 + x + 4. Calculate d(2).
50
Let y(p) = -6*p - 48. Determine y(-7).
-6
Let w(n) = 2*n**2 + 9*n - 15. Determine w(-6).
3
Let a(c) = -c**2 + 9*c + 57. Give a(-5).
-13
Let b(u) = -4*u**2 + 93*u - 19. What is b(23)?
4
Let k(h) = 4*h + 1. What is k(3)?
13
Let o(w) = -2*w**2 - 13*w - 1. What is o(-8)?
-25
Let h(s) = s**2 + 9*s - 17. Calculate h(-11).
5
Let q(v) = 3*v + 18. What is q(6)?
36
Let n(a) = 2*a**2 - 28*a - 6. What is n(14)?
-6
Let p(m) = 14*m + 49. What is p(-3)?
7
Let w(f) = f**3 - f**2 - 4*f - 1. Determine w(-2).
-5
Let d(m) = m**2 + 10*m + 18. Calculate d(-9).
9
Let w(x) = -9*x**2 - 14*x - 12. Give w(-1).
-7
Let u(l) = -l**2 + 2*l - 5. Give u(3).
-8
Let p(z) = 2*z**3 - 3*z**2 - 3*z - 3. What is p(-2)?
-25
Let h(c) = -c**3 + 10*c**2 + 5*c - 7. Give h(10).
43
Let h(f) = f**3 + 3*f**2 - 9*f + 7. Determine h(3).
34
Let b(g) = g**3 - 14*g**2 + 23*g + 13. Determine b(12).
1
Let n(w) = w**3 - 7*w**2 + 8*w - 7. What is n(6)?
5
Let f(w) = 2*w**2 + 10*w + 9. What is f(-10)?
109
Let t(u) = 97*u**3 + 3*u + 2. Determine t(-1).
-98
Let u(w) = -2*w - 26. Give u(-12).
-2
Let g(h) = h**2 + 6*h + 12. Determine g(-5).
7
Let x(j) = j**3 + 8*j**2 + 7*j - 6. Calculate x(-6).
24
Let v(d) = 2*d**2 - 3*d - 75. Give v(0).
-75
Let s(v) = 3*v**2 + 30*v - 35. Determine s(-11).
-2
Let f(o) = o**2 - 8*o + 6. What is f(6)?
-6
Let u(g) = 20*g - 13. What is u(3)?
47
Let d(g) = -g**3 + 17*g**2 - 19*g + 30. Determine d(16).
-18
Let k(l) = l**2 - 27*l + 62. Give k(26).
36
Let r(u) = u**2 - 6*u - 152. Give r(16).
8
Let x(w) = w**2 - 3*w + 5. Calculate x(4).
9
Let l(s) = -23*s + 86. Determine l(4).
-6
Let u(d) = -5*d - 15. Calculate u(-5).
10
Let j(y) = -2*y**2 - 18*y + 43. Calculate j(-11).
-1
Let l(f) = -f**2 + f + 1. Calculate l(5).
-19
Let y(c) = -3*c**2 - 38*c - 14. What is y(-15)?
-119
Let j(y) = -y**2 + 7*y + 5. What is j(8)?
-3
Let m(o) = -o**3 + 8*o**2 - 2*o + 25. What is m(8)?
9
Let b(a) = -a**3 - 19*a**2 - 32*a. What is b(-17)?
-34
Let k(m) = -24*m + 15. Determine k(1).
-9
Let w(v) = -3*v - 17. Calculate w(-8).
7
Let c(a) = -a**3 - 5*a**2 + 7*a - 13. Give c(-5).
-48
Let y(i) = 24*i - 368. Calculate y(16).
16
Let r(a) = -a**3 + 11*a**2 - 14*a - 12. Determine r(9).
24
Let i(v) = v**3 + 3*v**2 - 6*v - 8. What is i(3)?
28
Let d(g) = -7*g**2 + 4*g - 4. Determine d(1).
-7
Let d(c) = -2*c**3 - 32*c**2 - c - 21. Give d(-16).
-5
Let d(b) = b**3 + 3*b**2 + 4*b + 6. Calculate d(-4).
-26
Let a(d) = -9*d + 64. Calculate a(8).
-8
Let h(w) = -6*w - 98. Give h(-13).
-20
Let l(u) = -44*u + 40. Calculate l(1).
-4
Let u(o) = o**2 + 2*o + 1. What is u(-2)?
1
Let b(n) = -2*n + 21. What is b(5)?
11
Let q(y) = -2*y**2 + 2*y + 2. Determine q(-2).
-10
Let s(g) = g**3 - 9*g**2 - 32*g - 29. Give s(12).
19
Let x(b) = b**2 + 9*b + 14. Determine x(-11).
36
Let i(q) = -q**3 + 18*q**2 + 18*q + 23. Calculate i(19).
4
Let p(q) = -q**3 + 16*q**2 + 24*q - 19. Determine p(17).
100
Let k(w) = 53*w + 206. Determine k(-4).
-6
Let d(c) = c**3 + c - 3. What is d(4)?
65
Let v(i) = -i - 3. What is v(7)?
-10
Let r(j) = j**3 + 5*j**2 - 9*j + 31. Determine r(-7).
-4
Let i(b) = 58*b - 459. Determine i(8).
5
Let o(q) = q - 32. Calculate o(9).
-23
Let f(r) = 26*r - 83. What is f(1)?
-57
Let p(h) = -h**3 - 5*h**2 + 5*h - 4. What is p(-5)?
-29
Let a(w) = -2*w**3 + 3*w**2 - 6*w + 2. What is a(2)?
-14
Let b(q) = -q + 10. What is b(18)?
-8
Let d(s) = 11*s + 1. Determine d(1).
12
Let c(n) = n**2 - 2. Give c(3).
7
Let u(s) = -6*s - 12. Determine u(-2).
0
Let i(l) = 2*l**2 - 16*l - 3. Give i(5).
-33
Let p(y) = -2*y**2 + 4*y + 14. Calculate p(0).
14
Let u(f) = f. Determine u(7).
7
Let d(y) = -23*y**2 - y. What is d(1)?
-24
Let p(g) = 14*g**2 + 3*g - 2. Calculate p(1).
15
Let h(u) = 2*u**2 + 65*u - 28. Determine h(-33).
5
Let d(f) = -f**3 + 8*f**2 - 3*f - 6. Give d(7).
22
Let g(c) = c**2 + 19*c + 18. Calculate g(-1).
0
Let p(t) = 4*t + 3. Calculate p(-4).
-13
Let a(u) = u**3 - 4*u**2 + 6*u - 1. What is a(3)?
8
Let i(y) = -y**3 - 7*y**2 - 2*y + 11. Give i(-8).
91
Let m(h) = -h**2 - 7*h - 3. Give m(-4).
9
Let i(x) = 2*x**2 - 16*x + 1. Calculate i(8).
1
Let l(m) = m